{"version":"1.0","provider_name":"Laval Agglo Athl\u00e9tisme","provider_url":"https:\/\/www.lavalaggloathle53.fr","title":"Tous aux \u00e9cluses de la Mayenne !!! - Laval Agglo Athl\u00e9tisme","type":"rich","width":600,"height":338,"html":"<blockquote class=\"wp-embedded-content\" data-secret=\"NJERVdzqRW\"><a href=\"https:\/\/www.lavalaggloathle53.fr\/index.php\/2025\/09\/26\/tous-aux-ecluses-de-la-mayenne\/\">Tous aux \u00e9cluses de la Mayenne !!!<\/a><\/blockquote><iframe sandbox=\"allow-scripts\" security=\"restricted\" src=\"https:\/\/www.lavalaggloathle53.fr\/index.php\/2025\/09\/26\/tous-aux-ecluses-de-la-mayenne\/embed\/#?secret=NJERVdzqRW\" width=\"600\" height=\"338\" title=\"\u00ab\u00a0Tous aux \u00e9cluses de la Mayenne !!!\u00a0\u00bb &#8212; Laval Agglo Athl\u00e9tisme\" data-secret=\"NJERVdzqRW\" frameborder=\"0\" marginwidth=\"0\" marginheight=\"0\" scrolling=\"no\" class=\"wp-embedded-content\"><\/iframe><script type=\"text\/javascript\">\n\/* <![CDATA[ *\/\n\/*! This file is auto-generated *\/\n!function(d,l){\"use strict\";l.querySelector&&d.addEventListener&&\"undefined\"!=typeof URL&&(d.wp=d.wp||{},d.wp.receiveEmbedMessage||(d.wp.receiveEmbedMessage=function(e){var t=e.data;if((t||t.secret||t.message||t.value)&&!\/[^a-zA-Z0-9]\/.test(t.secret)){for(var s,r,n,a=l.querySelectorAll('iframe[data-secret=\"'+t.secret+'\"]'),o=l.querySelectorAll('blockquote[data-secret=\"'+t.secret+'\"]'),c=new RegExp(\"^https?:$\",\"i\"),i=0;i<o.length;i++)o[i].style.display=\"none\";for(i=0;i<a.length;i++)s=a[i],e.source===s.contentWindow&&(s.removeAttribute(\"style\"),\"height\"===t.message?(1e3<(r=parseInt(t.value,10))?r=1e3:~~r<200&&(r=200),s.height=r):\"link\"===t.message&&(r=new URL(s.getAttribute(\"src\")),n=new URL(t.value),c.test(n.protocol))&&n.host===r.host&&l.activeElement===s&&(d.top.location.href=t.value))}},d.addEventListener(\"message\",d.wp.receiveEmbedMessage,!1),l.addEventListener(\"DOMContentLoaded\",function(){for(var e,t,s=l.querySelectorAll(\"iframe.wp-embedded-content\"),r=0;r<s.length;r++)(t=(e=s[r]).getAttribute(\"data-secret\"))||(t=Math.random().toString(36).substring(2,12),e.src+=\"#?secret=\"+t,e.setAttribute(\"data-secret\",t)),e.contentWindow.postMessage({message:\"ready\",secret:t},\"*\")},!1)))}(window,document);\n\/\/# sourceURL=https:\/\/www.lavalaggloathle53.fr\/wp-includes\/js\/wp-embed.min.js\n\/* ]]> *\/\n<\/script>\n","thumbnail_url":"https:\/\/www.lavalaggloathle53.fr\/wp-content\/uploads\/2025\/09\/Affiche-Marathon-des-Ecluses-de-la-Mayenne-724x1024-1.jpg","thumbnail_width":724,"thumbnail_height":1024,"description":"Venez supporter tous les athl\u00e8tes du L2A53 sur la 30\u00e8me \u00e9dition des 10km , Semi Marathon et Marathon des \u00e9cluses sur une ann\u00e9e RECORD en terme de participation avec la barre des 5000 inscrits qui vient d&rsquo;\u00eatre franchie avant les inscriptions de derni\u00e8re minute sur l&rsquo;ESPACE SCOMAN \u00e0 LAVAL ce samedi de 13h \u00e0 19h00 &#8230; 3580 sur 10km, 1075 sur le semi marathon et 480 sur le Marathon avec de nombreux athl\u00e8tes du CLUB qui voudront briller sur la course Hors Stade la plus populaire du d\u00e9partement ! Sur le 10km , B\u00e9renger CHAUVIN remettra son titre en jeu apr\u00e8s sa superbe victoire en 2024 et un chrono de 30&rsquo;46 alors que Gwendal POUSSEREAU tentera de lui emboiter le pas &#8230; Chez les f\u00e9minines , c&rsquo;est une jolie \u00e9quipe qui se pr\u00e9sentera sur la ligne de d\u00e9part \u00e0 CHANGE avec B\u00e9r\u00e9nice LERIOUX, Laurine TOUTIN , Camille LEON ou Solene DUFRESNE LEGAY &#8230; Sur le semi Marathon, le Master Tony FOULON de retour de blessure repr\u00e9sentera le CLUB avec sa fougue habituelle &#8230; Sur l&rsquo;\u00e9preuve reine du Marathon , les masters Ludovic LEMONNIER et Maxime FEVRIER auront fort \u00e0 faire avec quelques favoris hors d\u00e9partement mais peuvent esp\u00e9rer int\u00e9grer le TOP 5 de l&rsquo;\u00e9preuve."}

Laval Agglo Athlétisme

Tous aux écluses de la Mayenne !!! - Laval Agglo Athlétisme

<blockquote class="wp-embedded-content" data-secret="NJERVdzqRW"><a href="https://www.lavalaggloathle53.fr/index.php/2025/09/26/tous-aux-ecluses-de-la-mayenne/">Tous aux écluses de la Mayenne !!!</a></blockquote><iframe sandbox="allow-scripts" security="restricted" src="https://www.lavalaggloathle53.fr/index.php/2025/09/26/tous-aux-ecluses-de-la-mayenne/embed/#?secret=NJERVdzqRW" width="600" height="338" title="« Tous aux écluses de la Mayenne !!! » &#8212; Laval Agglo Athlétisme" data-secret="NJERVdzqRW" frameborder="0" marginwidth="0" marginheight="0" scrolling="no" class="wp-embedded-content"></iframe><script type="text/javascript">
/* <![CDATA[ */
/*! This file is auto-generated */
!function(d,l){"use strict";l.querySelector&&d.addEventListener&&"undefined"!=typeof URL&&(d.wp=d.wp||{},d.wp.receiveEmbedMessage||(d.wp.receiveEmbedMessage=function(e){var t=e.data;if((t||t.secret||t.message||t.value)&&!/[^a-zA-Z0-9]/.test(t.secret)){for(var s,r,n,a=l.querySelectorAll('iframe[data-secret="'+t.secret+'"]'),o=l.querySelectorAll('blockquote[data-secret="'+t.secret+'"]'),c=new RegExp("^https?:$","i"),i=0;i<o.length;i++)o[i].style.display="none";for(i=0;i<a.length;i++)s=a[i],e.source===s.contentWindow&&(s.removeAttribute("style"),"height"===t.message?(1e3<(r=parseInt(t.value,10))?r=1e3:~~r<200&&(r=200),s.height=r):"link"===t.message&&(r=new URL(s.getAttribute("src")),n=new URL(t.value),c.test(n.protocol))&&n.host===r.host&&l.activeElement===s&&(d.top.location.href=t.value))}},d.addEventListener("message",d.wp.receiveEmbedMessage,!1),l.addEventListener("DOMContentLoaded",function(){for(var e,t,s=l.querySelectorAll("iframe.wp-embedded-content"),r=0;r<s.length;r++)(t=(e=s[r]).getAttribute("data-secret"))||(t=Math.random().toString(36).substring(2,12),e.src+="#?secret="+t,e.setAttribute("data-secret",t)),e.contentWindow.postMessage({message:"ready",secret:t},"*")},!1)))}(window,document);
//# sourceURL=https://www.lavalaggloathle53.fr/wp-includes/js/wp-embed.min.js
/* ]]> */
</script>

Venez supporter tous les athlètes du L2A53 sur la 30ème édition des 10km , Semi Marathon et Marathon des écluses sur une année RECORD en terme de participation avec la barre des 5000 inscrits qui vient d&rsquo;être franchie avant les inscriptions de dernière minute sur l&rsquo;ESPACE SCOMAN à LAVAL ce samedi de 13h à 19h00 &#8230; 3580 sur 10km, 1075 sur le semi marathon et 480 sur le Marathon avec de nombreux athlètes du CLUB qui voudront briller sur la course Hors Stade la plus populaire du département ! Sur le 10km , Bérenger CHAUVIN remettra son titre en jeu après sa superbe victoire en 2024 et un chrono de 30&rsquo;46 alors que Gwendal POUSSEREAU tentera de lui emboiter le pas &#8230; Chez les féminines , c&rsquo;est une jolie équipe qui se présentera sur la ligne de départ à CHANGE avec Bérénice LERIOUX, Laurine TOUTIN , Camille LEON ou Solene DUFRESNE LEGAY &#8230; Sur le semi Marathon, le Master Tony FOULON de retour de blessure représentera le CLUB avec sa fougue habituelle &#8230; Sur l&rsquo;épreuve reine du Marathon , les masters Ludovic LEMONNIER et Maxime FEVRIER auront fort à faire avec quelques favoris hors département mais peuvent espérer intégrer le TOP 5 de l&rsquo;épreuve.
